{"id":1281,"date":"2018-08-29T00:35:33","date_gmt":"2018-08-29T00:35:33","guid":{"rendered":"https:\/\/tm3agencia.com\/vivabem\/pilates-2\/"},"modified":"2018-10-04T16:28:58","modified_gmt":"2018-10-04T19:28:58","slug":"rpg","status":"publish","type":"page","link":"http:\/\/studiovivabem.com.br\/index.php\/rpg\/","title":{"rendered":"RPG"},"content":{"rendered":"<p>[vc_row inner_container=&#8221;true&#8221;][vc_column width=&#8221;5\/12&#8243;][vc_single_image image=&#8221;1335&#8243; img_size=&#8221;large&#8221; visibility=&#8221;all&#8221;][\/vc_column][vc_column width=&#8221;7\/12&#8243;][vc_column_text]<\/p>\n<h3 class=\"custom-title\">VIVA BEM &#8211; RPG<br \/>\n(Reeduca\u00e7\u00e3o Postural Global)<\/h3>\n<p>[\/vc_column_text]<hr  class=\"noo-gap\" style=\" margin: 30px 0 0 0;\">[vc_column_text]<strong>\u00a0Viva Bem &#8211; RPG\u00a0<\/strong><\/p>\n<p>Sess\u00f5es individuais com fisioterapeuta especializado.<\/p>\n<p>Corre\u00e7\u00e3o postural, les\u00f5es, tendinite, entorses.<br \/>\nA Reeduca\u00e7\u00e3o Postural Global (RPG) \u00e9 um tratamento individual no qual o fisioterapeuta utiliza os conceitos de cadeia muscular e aplica t\u00e9cnicas e exerc\u00edcios com o objetivo de melhorar a postura e dor do paciente. Trabalha a globalidade do corpo e, portanto, trata as dores e a m\u00e1 postura atrav\u00e9s de sess\u00f5es que englobam todas as articula\u00e7\u00f5es e a maioria da musculatura, ou seja, reeduca\u00e7\u00e3o postural. \u00c9 recomendada para pessoas com uma curvatura muito grande na coluna (hipercifose e hiperlordose), escoliose, p\u00e9 chato (pronado), entre outras.<\/p>\n<p>O RPG pode ser aplicada \u00e0s mulheres gr\u00e1vidas, muitos m\u00e9dicos obstetras j\u00e1 indicam com a devida aten\u00e7\u00e3o individual e adapta\u00e7\u00e3o \u00e0 realidade da gestante. Incluem desde a prepara\u00e7\u00e3o para o parto at\u00e9 a recupera\u00e7\u00e3o p\u00f3s-parto.[\/vc_column_text][\/vc_column][\/vc_row][vc_row inner_container=&#8221;true&#8221; padding_top=&#8221;90&#8243; padding_bottom=&#8221;70&#8243;][vc_column]<span  class=\"noo-dropcap\" style=\" background-color: transparent;\">CONHE\u00c7A NOSSA EQUIPE<\/span>[vc_column_text]Equipe composta por fisioterapeutas capacitadas.<br \/>\nQualidade total na modalidade RPG[\/vc_column_text][vc_separator color=&#8221;#73986e&#8221; thickness=&#8221;3&#8243;][vc_raw_html]JTVCZHZ0ZWFtZmlsdGVyJTIwbWF4JTNEJTIyOTklMjIlMjBncmlkc3R5bGUlM0QlMjJmdWxsJTIyJTIwb2Zmc2V0JTNEJTIyMjAlMjIlMjBpdGVtd2lkdGglM0QlMjIyNTAlMjIlMjBzaWRlJTNEJTIycmlnaHQlMjIlMjBleGNsdWRlJTNEJTIyJTIyJTIwcm91bmRlZCUzRCUyMmR2dGVhbWdyaWQtZGVmYXVsdCUyMiU1RA==[\/vc_raw_html][\/vc_column][\/vc_row]<\/p>\n","protected":false},"excerpt":{"rendered":"<p>[vc_row inner_container=&#8221;true&#8221;][vc_column width=&#8221;5\/12&#8243;][vc_single_image image=&#8221;1335&#8243; img_size=&#8221;large&#8221; visibility=&#8221;all&#8221;][\/vc_column][vc_column width=&#8221;7\/12&#8243;][vc_column_text] VIVA BEM &#8211; RPG (Reeduca\u00e7\u00e3o Postural Global) [\/vc_column_text][vc_column_text]\u00a0Viva Bem &#8211; RPG\u00a0 Sess\u00f5es individuais com fisioterapeuta especializado. Corre\u00e7\u00e3o postural, les\u00f5es, tendinite, entorses. A Reeduca\u00e7\u00e3o Postural Global (RPG) \u00e9 um tratamento individual no qual o fisioterapeuta utiliza os conceitos de cadeia muscular e aplica t\u00e9cnicas e exerc\u00edcios com o objetivo de melhorar a postura e dor do paciente. Trabalha a globalidade do corpo e, portanto, trata as dores e a m\u00e1 postura atrav\u00e9s de sess\u00f5es que englobam todas as articula\u00e7\u00f5es e a maioria da musculatura, ou seja, reeduca\u00e7\u00e3o postural. \u00c9 recomendada para pessoas com uma curvatura muito grande na coluna (hipercifose e hiperlordose), escoliose, p\u00e9 chato (pronado), entre outras. O RPG pode ser aplicada \u00e0s mulheres gr\u00e1vidas, muitos m\u00e9dicos obstetras j\u00e1 indicam com a devida aten\u00e7\u00e3o individual e adapta\u00e7\u00e3o \u00e0 realidade da gestante. Incluem desde a prepara\u00e7\u00e3o para o parto at\u00e9 a recupera\u00e7\u00e3o p\u00f3s-parto.[\/vc_column_text][\/vc_column][\/vc_row][vc_row inner_container=&#8221;true&#8221;<\/p>\n","protected":false},"author":1,"featured_media":0,"parent":0,"menu_order":0,"comment_status":"closed","ping_status":"closed","template":"page-full-width.php","meta":{"footnotes":""},"class_list":["post-1281","page","type-page","status-publish","hentry","no-featured"],"_links":{"self":[{"href":"http:\/\/studiovivabem.com.br\/index.php\/wp-json\/wp\/v2\/pages\/1281","targetHints":{"allow":["GET"]}}],"collection":[{"href":"http:\/\/studiovivabem.com.br\/index.php\/wp-json\/wp\/v2\/pages"}],"about":[{"href":"http:\/\/studiovivabem.com.br\/index.php\/wp-json\/wp\/v2\/types\/page"}],"author":[{"embeddable":true,"href":"http:\/\/studiovivabem.com.br\/index.php\/wp-json\/wp\/v2\/users\/1"}],"replies":[{"embeddable":true,"href":"http:\/\/studiovivabem.com.br\/index.php\/wp-json\/wp\/v2\/comments?post=1281"}],"version-history":[{"count":12,"href":"http:\/\/studiovivabem.com.br\/index.php\/wp-json\/wp\/v2\/pages\/1281\/revisions"}],"predecessor-version":[{"id":1668,"href":"http:\/\/studiovivabem.com.br\/index.php\/wp-json\/wp\/v2\/pages\/1281\/revisions\/1668"}],"wp:attachment":[{"href":"http:\/\/studiovivabem.com.br\/index.php\/wp-json\/wp\/v2\/media?parent=1281"}],"curies":[{"name":"wp","href":"https:\/\/api.w.org\/{rel}","templated":true}]}}